**3 - 40*j**2 + 33*j + 250. Calculate the remainder when 588 is divided by w(39).
12
Let g be 6/(-21) + 324/(-42). Let o = -5 - g. Let u(y) = y**2 + 2*y. Calculate the remainder when 71 is divided by u(o).
11
What is the remainder when (-595)/238*(-3216)/15 is divided by 284?
252
Calculate the remainder when 161 is divided by (-520)/14820 - 519/(-171).
2
Let s = -22716 + 22835. Let y(b) = -b**3 - 6*b**2 - 7*b - 2. What is the remainder when s is divided by y(-5)?
7
Suppose -o + 8791 = 12*o - 387. What is the remainder when o is divided by 119?
111
Suppose 19125*c = 19134*c - 3267. What is the remainder when c is divided by 15?
3
Let a be ((-2620)/40)/(1/(-2)). Let u = a - 128. Suppose 5*b - 152 = -3*l, -u*l = -b - 140 - 6. What is the remainder when l is divided by 5?
4
Let o(b) = 2*b - 13. Let y be o(13). Suppose n = -y + 27. What is the remainder when n is divided by (-35)/(-4) - (-9)/36?
5
Let o(n) = -25*n - 3. Calculate the remainder when o(-4) is divided by (23 - 139)*(-2)/8.
10
Let g(o) = 26*o**2 + 923*o - 923. Calculate the remainder when 3508 is divided by g(1).
24
Suppose -3*r + 49 = 4*w, -w + r + 3*r + 17 = 0. Calculate the remainder when -77 - -99 - (-19 + 0) is divided by w.
2
Calculate the remainder when 2715 is divided by 10250/330 + (-22)/363.
18
Let c = -3 + 5. Suppose -5*h + 165 = -2*m, 2*m = -c*h - 0*h + 52. Calculate the remainder when (62/(-18) - -3) + (-12)/((-1188)/12023) is divided by h.
28
Suppose -2*z + 2*h = -1808, -2*h - 214 = -3*z + 2495. What is the remainder when z is divided by 26?
17
Suppose 4*n = -9 - 3, 4*i = -4*n. Let p(a) = 18*a + 3. Let v be p(-1). Let q = v - -16. What is the remainder when i is divided by q?
0
Let c = 2208 - -82. Calculate the remainder when c is divided by 27.
22
Let i = 32009 + -31990. Calculate the remainder when 4444 is divided by i.
17
Suppose 0 = y + 3*y + 448 - 712. What is the remainder when y is divided by (-59)/(-4) - 4/(-16)?
6
Let o = -2 - 6. Let b be o/40 - 52/(-10). Suppose 0 = -4*j - 0*v - b*v + 74, 0 = -3*v - 6. What is the remainder when j is divided by 11?
10
Let y = -8566 - -10743. What is the remainder when y is divided by 63?
35
Suppose 2*t = -2*i + 20, -1 + 7 = 2*t. Calculate the remainder when 62 is divided by (5 - i)*27/(-6).
8
What is the remainder when 26 is divided by (-9 - -1)/(-5 + -7 + 10)?
2
Suppose -2513 = 2*b - 2607. Calculate the remainder when 1066 is divided by b.
32
Suppose -2*x + 2*n + 174 = 7*n, 2*x - 182 = -n. Let g = 94 - x. Suppose -2*z + 10 = 0, -g*s + 4*z + 67 = 3*z. Calculate the remainder when 107 is divided by s.
35
What is the remainder when 1596 is divided by -4*(222/(-12) + (-14 - -9))?
92
Let k = -10517 - -10585. What is the remainder when 140 is divided by k?
4
Let m be 84/48 - 2/(-8). Calculate the remainder when (-1524)/(-15) + m/5 is divided by 15.
12
Let o(n) = -n**3 + 9*n**2 - 11*n. Calculate the remainder when 2036 is divided by o(3).
20
Let b(z) = -52*z - 3383. What is the remainder when b(-96) is divided by 70?
69
Let b(c) = -2*c**3 - 2*c**2. Let a be b(-2). Suppose -5*k + 4*g + 135 = 0, k - a = g + 20. What is the remainder when 114 is divided by k?
22
Suppose h + d + 185 = -25, -4*h = -3*d + 819. Let j = h - -291. What is the remainder when 332 is divided by j?
80
Let p(s) = s**3 + 23*s**2 - 34*s - 174. Calculate the remainder when p(-24) is divided by 14.
10
Let n = -407 - -516. Suppose j + 4*g - 49 = 0, 1 = -j + 2*g + 38. Calculate the remainder when n is divided by j.
27
Suppose -5*v - 563 = 342. Let w = v - -338. Calculate the remainder when w is divided by 40.
37
Suppose -4*o - 17*g = -22*g + 1597, -2*o - 809 = g. Let h = o - -416. What is the remainder when 805 is divided by h?
12
Suppose 4*l - 173 = -3*q, 6*q - 5*q = -l + 43. What is the remainder when 182 is divided by l?
6
Calculate the remainder when 0*(-2)/6 - -195 is divided by ((-14)/(-77))/((-20)/(-660)).
3
Let w be 5 - -2*237/6. Let k(m) = 2*m - 1. Let s be k(-4). Calculate the remainder when 4 is divided by (w/s)/7*-3.
0
Let f(u) = u**3 + u**2 - u. Let v(b) = b**3 - 2*b - 1. Let x(m) = 5*f(m) - 4*v(m). What is the remainder when 24 is divided by x(-4)?
0
Let v = 5130 - 3371. Calculate the remainder when v is divided by 88.
87
Let l = 171 - 76. What is the remainder when l is divided by 7 + -1 + 7 + -1?
11
Suppose 13*i - 3395 = 6*i. Suppose 3*s - i = 2*a - 6*a, a - 5*s - 104 = 0. Calculate the remainder when a is divided by 6.
5
Let n(y) = y**3 + 17*y**2 - 16*y + 11. Let w be n(-17). Suppose -4*i - 3*h + w = 0, -4*h + 165 = 2*i + 11. Calculate the remainder when i is divided by 18.
13
Suppose -d - 397 = -1142. Suppose -z + d = 4*z. Calculate the remainder when z is divided by 11.
6
Suppose w + 297 = 4*w. Suppose 116 = 103*u - w*u. Let a(g) = -g + 16. What is the remainder when u is divided by a(5)?
7
Let u = -162 - -222. What is the remainder when 428 is divided by (-3 - 1)/(-4) - u/(-4)?
12
Let d = 311 - 241. Let q = d + -62. What is the remainder when 18 is divided by q?
2
Suppose 4*t - v = -2*v - 16237, 0 = 5*t - 4*v + 20312. Calculate the remainder when (-15)/(75/t) - -5 is divided by 13.
11
Let k(r) be the third derivative of r**5/15 - r**4/24 - 25*r**2. Let o be k(1). Calculate the remainder when (-2)/o - (-2 - (-204)/(-9)) is divided by 3.
0
What is the remainder when 35639 is divided by ((-450)/24)/25*-20?
14
Let b = 55 + -27. Let c = b + 0. Suppose -64*z - 92*z - 186 + 111 = -1635. What is the remainder when c is divided by z?
8
Suppose 0 = -14*g + 18*g + 32, 4*c + g = 1708. Calculate the remainder when c is divided by 73.
64
Let r(t) = 2*t**3 - 16*t**2 + 15*t + 24. Calculate the remainder when 7486 is divided by r(8).
142
Let q(h) = 348*h + 1833. Calculate the remainder when q(2) is divided by 33.
21
Suppose -2*y + 52 = -0*y. Suppose 27*g = 28*g + 256. Let q = 263 + g. Calculate the remainder when y is divided by q.
5
Let g(b) = 37*b**2 + 77*b - 157. What is the remainder when 269 is divided by g(2)?
124
Let y(a) = -5*a + 3. Let m(u) = -6*u + 2. Let w(o) = 6*m(o) - 5*y(o). Let j be w(8). Calculate the remainder when 34 is divided by 1 - (39/j + 123/(-7)).
15
Let q = 3 + -3. Suppose 185*s - 181*s + 12 = 4*b, 5*b = -5*s + 35. What is the remainder when q + 2 - 21/(-3) is divided by b?
4
Suppose -50 = -3*t - 2*m + 76, 214 = 5*t + 2*m. Suppose 3*b - 33 = -w + t, b - 4*w = 30. Calculate the remainder when (-225)/2*(468/(-54))/13 is divided by b.
23
Calculate the remainder when ((-568)/(-20) + -8)/(6/40) + 8 is divided by 45.
9
Suppose 0 = -5*v - 20*v + 5075. Suppose 193*m - v*m = -400. Calculate the remainder when m is divided by 9.
4
Let s be -95 - (0 + 0)/1. Let v = -63 - s. Let z = v + -31. Calculate the remainder when 2 is divided by z.
0
Let a(r) = -2*r**3 - 63*r**2 - 196*r + 4. What is the remainder when 627 is divided by a(-3)?
74
Suppose 359 - 2735 = -37*d - 35*d. Let p(j) = j**2 + 7 + 0*j**2 + 2*j - j**3 - j. Calculate the remainder when d is divided by p(0).
5
Suppose 8*l = 3*l + 545. Let g = -3639 + 3649. What is the remainder when l is divided by g?
9
Let t be 2 - ((-120)/18)/10*6. Suppose t*r - 8*r + c + 387 = 0, -5*r + 5*c = -970. Calculate the remainder when r is divided by 14.
11
Suppose -27*g = -14*g - 1729. Suppose -g - 92 = -9*x. What is the remainder when 124 is divided by x?
24
Calculate the remainder when 7 - (35/7 - 741) is divided by 113.
65
Let o be 5/(10/(-6)) + 0 + 5. Suppose 4*h = -5*u + 204, o*u + 38 = 3*h - 92. Let b = 20 + -12. Calculate the remainder when h is divided by b.
6
Let a = -8 + 10. Suppose 11 = a*f - 31. Let m(w) = -3*w**2 - 35*w - 77. Calculate the remainder when f is divided by m(-8).
10
Calculate the remainder when 1701 is divided by 0 - (-2068)/44 - 0*(-2)/4.
9
What is the remainder when (-275)/(5 + -16)*47 is divided by 581?
13
Let t = 7138 - 7128. Let j(w) = -5 + 5 + 2 + 21*w + 0. Calculate the remainder when j(1) is divided by t.
3
What is the remainder when 16/56 - 1090/(-7) is divided by 4720/2950*170/8?
20
Suppose 0 = -5*n - 4*c + 733, 0 = 3*n + 5*c - 259 - 186. Calculate the remainder when 572 is divided by n.
137
Let z(w) = 10*w + 39. Suppose 5*f = -2*l + 49, 5*l - 27 = -4*f + 19. Calculate the remainder when z(f) is divided by (0 + 22/3)*3.
19
Suppose 0 = 14*i - 448 + 84. Let p(h) = h + 6. Let q be